{"id":3328,"date":"2022-05-31T06:23:21","date_gmt":"2022-05-31T06:23:21","guid":{"rendered":"http:\/\/laserenavegasaltas.org\/?page_id=3328"},"modified":"2023-02-13T07:41:08","modified_gmt":"2023-02-13T07:41:08","slug":"aprobacion-de-la-oferta-de-empleo-publico-para-la-estabilizacion-del-empleo-temporal-actualizacion-31-05-2022","status":"publish","type":"page","link":"https:\/\/laserenavegasaltas.org\/?page_id=3328","title":{"rendered":"Aprobaci\u00f3n de la Oferta de Empleo P\u00fablico para la estabilizaci\u00f3n del empleo temporal."},"content":{"rendered":"\n<p><strong>ACTUALIZACI\u00d3N 10\/01\/2023<\/strong><\/p>\n\n\n\n<p>BOLET\u00cdN OFICIAL DEL ESTADO DE 10 DE FEBRERO DE 2023<\/p>\n\n\n\n<div data-wp-interactive=\"core\/file\" class=\"wp-block-file\"><object data-wp-bind--hidden=\"!state.hasPdfPreview\" hidden class=\"wp-block-file__embed\" data=\"http:\/\/laserenavegasaltas.org\/wp-content\/uploads\/2023\/02\/BOE-10-FEBRERO-2023-1.pdf\" type=\"application\/pdf\" style=\"width:100%;height:600px\" aria-label=\"Incrustado de Incrustado de BOE-10-FEBRERO-2023-1..\"><\/object><a id=\"wp-block-file--media-e82cdabe-b5b5-49f9-9f5f-aa1ae36f9f8d\" href=\"http:\/\/laserenavegasaltas.org\/wp-content\/uploads\/2023\/02\/BOE-10-FEBRERO-2023-1.pdf\">BOE-10-FEBRERO-2023-1<\/a><a href=\"http:\/\/laserenavegasaltas.org\/wp-content\/uploads\/2023\/02\/BOE-10-FEBRERO-2023-1.pdf\" class=\"wp-block-file__button\" download aria-describedby=\"wp-block-file--media-e82cdabe-b5b5-49f9-9f5f-aa1ae36f9f8d\">Descarga<\/a><\/div>\n\n\n\n<p><strong>ACTUALIZACI\u00d3N 24\/01\/2023<\/strong><\/p>\n\n\n\n<p>BOLET\u00cdN OFICIAL DE LA PROVINCIA DE BADAJOZ. 24 ENERO 2023<\/p>\n\n\n\n<div data-wp-interactive=\"core\/file\" class=\"wp-block-file\"><object data-wp-bind--hidden=\"!state.hasPdfPreview\" hidden class=\"wp-block-file__embed\" data=\"http:\/\/laserenavegasaltas.org\/wp-content\/uploads\/2023\/02\/bop-24-enero-2023-1-1.pdf\" type=\"application\/pdf\" style=\"width:100%;height:600px\" aria-label=\"Incrustado de Incrustado de bop-24-enero-2023-1-1..\"><\/object><a id=\"wp-block-file--media-246873c8-98da-410d-84ce-ea9080673499\" href=\"http:\/\/laserenavegasaltas.org\/wp-content\/uploads\/2023\/02\/bop-24-enero-2023-1-1.pdf\">bop-24-enero-2023-1-1<\/a><a href=\"http:\/\/laserenavegasaltas.org\/wp-content\/uploads\/2023\/02\/bop-24-enero-2023-1-1.pdf\" class=\"wp-block-file__button\" download aria-describedby=\"wp-block-file--media-246873c8-98da-410d-84ce-ea9080673499\">Descarga<\/a><\/div>\n\n\n\n<p><strong>BOLET\u00cdN OFICIAL DEL ESTADO<\/strong><br>N\u00fam. 14 Martes, 17 de enero de 2023.<\/p>\n\n\n\n<div data-wp-interactive=\"core\/file\" class=\"wp-block-file\"><object data-wp-bind--hidden=\"!state.hasPdfPreview\" hidden class=\"wp-block-file__embed\" data=\"http:\/\/laserenavegasaltas.org\/wp-content\/uploads\/2023\/01\/BOE-A-2023-1127-1.pdf\" type=\"application\/pdf\" style=\"width:100%;height:600px\" aria-label=\"Incrustado de Incrustado de BOE-A-2023-1127-1..\"><\/object><a id=\"wp-block-file--media-c4a4ea0d-a347-4aae-ad19-ff1df20d87fa\" href=\"http:\/\/laserenavegasaltas.org\/wp-content\/uploads\/2023\/01\/BOE-A-2023-1127-1.pdf\">BOE-A-2023-1127-1<\/a><a href=\"http:\/\/laserenavegasaltas.org\/wp-content\/uploads\/2023\/01\/BOE-A-2023-1127-1.pdf\" class=\"wp-block-file__button\" download aria-describedby=\"wp-block-file--media-c4a4ea0d-a347-4aae-ad19-ff1df20d87fa\">Descarga<\/a><\/div>\n\n\n\n<p><strong>BOLET\u00cdN OFICIAL DE LA PROVINCIA<\/strong><br>Bolet\u00edn n\u00ba 247<br>Anuncio 6250\/2022<br>viernes, 30 de diciembre de 2022<\/p>\n\n\n\n<div data-wp-interactive=\"core\/file\" class=\"wp-block-file\"><object data-wp-bind--hidden=\"!state.hasPdfPreview\" hidden class=\"wp-block-file__embed\" data=\"http:\/\/laserenavegasaltas.org\/wp-content\/uploads\/2023\/01\/2022-12-30_6250.pdf\" type=\"application\/pdf\" style=\"width:100%;height:600px\" aria-label=\"Incrustado de Incrustado de 2022-12-30_6250..\"><\/object><a id=\"wp-block-file--media-2b27bd13-4da2-44ee-9c70-5a5a706fce31\" href=\"http:\/\/laserenavegasaltas.org\/wp-content\/uploads\/2023\/01\/2022-12-30_6250.pdf\">2022-12-30_6250<\/a><a href=\"http:\/\/laserenavegasaltas.org\/wp-content\/uploads\/2023\/01\/2022-12-30_6250.pdf\" class=\"wp-block-file__button\" download aria-describedby=\"wp-block-file--media-2b27bd13-4da2-44ee-9c70-5a5a706fce31\">Descarga<\/a><\/div>\n\n\n\n<p><strong><span class=\"has-inline-color has-vivid-red-color\">ACTUALIZACI\u00d3N 31\/05\/2022<\/span><\/strong><\/p>\n\n\n\n<p>Por Resoluci\u00f3n de la Presidencia del d\u00eda 25 de mayo de 2022, avocando para este acto concreto las competencias delegadas en favor de la Junta de Gobierno mediante Resoluci\u00f3n de 2 de septiembre de 2019, publicada en el Bolet\u00edn Oficial de la Provincia n.\u00ba 170, de 5 de septiembre siguiente, se ha aprobado la siguiente Oferta excepcional de Empleo P\u00fablico por la que se articulan los procesos de estabilizaci\u00f3n de empleo temporal previstos en la Ley 20\/2021, de 28 de diciembre, de medidas urgentes para la reducci\u00f3n de la temporalidad en el empleo p\u00fablico.<\/p>\n\n\n\n<div class=\"wp-block-file\"><a id=\"wp-block-file--media-0fb2f175-2f68-41f5-89cd-4c54f13a4239\" href=\"http:\/\/laserenavegasaltas.org\/wp-content\/uploads\/2022\/05\/22080795-1-1.pdf\">ANUNCIO de 25 de mayo de 2022 sobre aprobaci\u00f3n de la Oferta de Empleo P\u00fablico para la estabilizaci\u00f3n del empleo temporal. (2022080795)<\/a><a href=\"http:\/\/laserenavegasaltas.org\/wp-content\/uploads\/2022\/05\/22080795-1-1.pdf\" class=\"wp-block-file__button\" download aria-describedby=\"wp-block-file--media-0fb2f175-2f68-41f5-89cd-4c54f13a4239\">Descarga<\/a><\/div>\n","protected":false},"excerpt":{"rendered":"<p>ACTUALIZACI\u00d3N 10\/01\/2023 BOLET\u00cdN OFICIAL DEL ESTADO DE 10 DE FEBRERO DE 2023 ACTUALIZACI\u00d3N 24\/01\/2023 BOLET\u00cdN OFICIAL DE LA PROVINCIA DE BADAJOZ. 24 ENERO 2023 BOLET\u00cdN OFICIAL<span class=\"excerpt-hellip\"> [\u2026]<\/span><\/p>\n","protected":false},"author":1,"featured_media":0,"parent":0,"menu_order":0,"comment_status":"closed","ping_status":"closed","template":"","meta":{"footnotes":""},"class_list":["post-3328","page","type-page","status-publish","hentry"],"yoast_head":"<!-- This site is optimized with the Yoast SEO plugin v25.5 - https:\/\/yoast.com\/wordpress\/plugins\/seo\/ -->\n<title>Aprobaci\u00f3n de la Oferta de Empleo P\u00fablico para la estabilizaci\u00f3n del empleo temporal. - Mancomunidad Integral de Servicios La Serena-Vegas Altas<\/title>\n<meta name=\"robots\" content=\"index, follow, max-snippet:-1, max-image-preview:large, max-video-preview:-1\" \/>\n<link rel=\"canonical\" href=\"https:\/\/laserenavegasaltas.org\/?page_id=3328\" \/>\n<meta property=\"og:locale\" content=\"es_ES\" \/>\n<meta property=\"og:type\" content=\"article\" \/>\n<meta property=\"og:title\" content=\"Aprobaci\u00f3n de la Oferta de Empleo P\u00fablico para la estabilizaci\u00f3n del empleo temporal. - Mancomunidad Integral de Servicios La Serena-Vegas Altas\" \/>\n<meta property=\"og:description\" content=\"ACTUALIZACI\u00d3N 10\/01\/2023 BOLET\u00cdN OFICIAL DEL ESTADO DE 10 DE FEBRERO DE 2023 ACTUALIZACI\u00d3N 24\/01\/2023 BOLET\u00cdN OFICIAL DE LA PROVINCIA DE BADAJOZ. 24 ENERO 2023 BOLET\u00cdN OFICIAL [\u2026]\" \/>\n<meta property=\"og:url\" content=\"https:\/\/laserenavegasaltas.org\/?page_id=3328\" \/>\n<meta property=\"og:site_name\" content=\"Mancomunidad Integral de Servicios La Serena-Vegas Altas\" \/>\n<meta property=\"article:modified_time\" content=\"2023-02-13T07:41:08+00:00\" \/>\n<meta name=\"twitter:card\" content=\"summary_large_image\" \/>\n<meta name=\"twitter:label1\" content=\"Tiempo de lectura\" \/>\n\t<meta name=\"twitter:data1\" content=\"1 minuto\" \/>\n<script type=\"application\/ld+json\" class=\"yoast-schema-graph\">{\"@context\":\"https:\/\/schema.org\",\"@graph\":[{\"@type\":\"WebPage\",\"@id\":\"https:\/\/laserenavegasaltas.org\/?page_id=3328\",\"url\":\"https:\/\/laserenavegasaltas.org\/?page_id=3328\",\"name\":\"Aprobaci\u00f3n de la Oferta de Empleo P\u00fablico para la estabilizaci\u00f3n del empleo temporal. - Mancomunidad Integral de Servicios La Serena-Vegas Altas\",\"isPartOf\":{\"@id\":\"https:\/\/laserenavegasaltas.org\/#website\"},\"datePublished\":\"2022-05-31T06:23:21+00:00\",\"dateModified\":\"2023-02-13T07:41:08+00:00\",\"breadcrumb\":{\"@id\":\"https:\/\/laserenavegasaltas.org\/?page_id=3328#breadcrumb\"},\"inLanguage\":\"es\",\"potentialAction\":[{\"@type\":\"ReadAction\",\"target\":[\"https:\/\/laserenavegasaltas.org\/?page_id=3328\"]}]},{\"@type\":\"BreadcrumbList\",\"@id\":\"https:\/\/laserenavegasaltas.org\/?page_id=3328#breadcrumb\",\"itemListElement\":[{\"@type\":\"ListItem\",\"position\":1,\"name\":\"Portada\",\"item\":\"https:\/\/laserenavegasaltas.org\/\"},{\"@type\":\"ListItem\",\"position\":2,\"name\":\"Aprobaci\u00f3n de la Oferta de Empleo P\u00fablico para la estabilizaci\u00f3n del empleo temporal.\"}]},{\"@type\":\"WebSite\",\"@id\":\"https:\/\/laserenavegasaltas.org\/#website\",\"url\":\"https:\/\/laserenavegasaltas.org\/\",\"name\":\"Mancomunidad Integral de Servicios La Serena-Vegas Altas\",\"description\":\"Mancomunidad Integral de Servicios La Serena-Vegas Altas\",\"potentialAction\":[{\"@type\":\"SearchAction\",\"target\":{\"@type\":\"EntryPoint\",\"urlTemplate\":\"https:\/\/laserenavegasaltas.org\/?s={search_term_string}\"},\"query-input\":{\"@type\":\"PropertyValueSpecification\",\"valueRequired\":true,\"valueName\":\"search_term_string\"}}],\"inLanguage\":\"es\"}]}<\/script>\n<!-- \/ Yoast SEO plugin. -->","yoast_head_json":{"title":"Aprobaci\u00f3n de la Oferta de Empleo P\u00fablico para la estabilizaci\u00f3n del empleo temporal. - Mancomunidad Integral de Servicios La Serena-Vegas Altas","robots":{"index":"index","follow":"follow","max-snippet":"max-snippet:-1","max-image-preview":"max-image-preview:large","max-video-preview":"max-video-preview:-1"},"canonical":"https:\/\/laserenavegasaltas.org\/?page_id=3328","og_locale":"es_ES","og_type":"article","og_title":"Aprobaci\u00f3n de la Oferta de Empleo P\u00fablico para la estabilizaci\u00f3n del empleo temporal. - Mancomunidad Integral de Servicios La Serena-Vegas Altas","og_description":"ACTUALIZACI\u00d3N 10\/01\/2023 BOLET\u00cdN OFICIAL DEL ESTADO DE 10 DE FEBRERO DE 2023 ACTUALIZACI\u00d3N 24\/01\/2023 BOLET\u00cdN OFICIAL DE LA PROVINCIA DE BADAJOZ. 24 ENERO 2023 BOLET\u00cdN OFICIAL [\u2026]","og_url":"https:\/\/laserenavegasaltas.org\/?page_id=3328","og_site_name":"Mancomunidad Integral de Servicios La Serena-Vegas Altas","article_modified_time":"2023-02-13T07:41:08+00:00","twitter_card":"summary_large_image","twitter_misc":{"Tiempo de lectura":"1 minuto"},"schema":{"@context":"https:\/\/schema.org","@graph":[{"@type":"WebPage","@id":"https:\/\/laserenavegasaltas.org\/?page_id=3328","url":"https:\/\/laserenavegasaltas.org\/?page_id=3328","name":"Aprobaci\u00f3n de la Oferta de Empleo P\u00fablico para la estabilizaci\u00f3n del empleo temporal. - Mancomunidad Integral de Servicios La Serena-Vegas Altas","isPartOf":{"@id":"https:\/\/laserenavegasaltas.org\/#website"},"datePublished":"2022-05-31T06:23:21+00:00","dateModified":"2023-02-13T07:41:08+00:00","breadcrumb":{"@id":"https:\/\/laserenavegasaltas.org\/?page_id=3328#breadcrumb"},"inLanguage":"es","potentialAction":[{"@type":"ReadAction","target":["https:\/\/laserenavegasaltas.org\/?page_id=3328"]}]},{"@type":"BreadcrumbList","@id":"https:\/\/laserenavegasaltas.org\/?page_id=3328#breadcrumb","itemListElement":[{"@type":"ListItem","position":1,"name":"Portada","item":"https:\/\/laserenavegasaltas.org\/"},{"@type":"ListItem","position":2,"name":"Aprobaci\u00f3n de la Oferta de Empleo P\u00fablico para la estabilizaci\u00f3n del empleo temporal."}]},{"@type":"WebSite","@id":"https:\/\/laserenavegasaltas.org\/#website","url":"https:\/\/laserenavegasaltas.org\/","name":"Mancomunidad Integral de Servicios La Serena-Vegas Altas","description":"Mancomunidad Integral de Servicios La Serena-Vegas Altas","potentialAction":[{"@type":"SearchAction","target":{"@type":"EntryPoint","urlTemplate":"https:\/\/laserenavegasaltas.org\/?s={search_term_string}"},"query-input":{"@type":"PropertyValueSpecification","valueRequired":true,"valueName":"search_term_string"}}],"inLanguage":"es"}]}},"_links":{"self":[{"href":"https:\/\/laserenavegasaltas.org\/index.php?rest_route=\/wp\/v2\/pages\/3328","targetHints":{"allow":["GET"]}}],"collection":[{"href":"https:\/\/laserenavegasaltas.org\/index.php?rest_route=\/wp\/v2\/pages"}],"about":[{"href":"https:\/\/laserenavegasaltas.org\/index.php?rest_route=\/wp\/v2\/types\/page"}],"author":[{"embeddable":true,"href":"https:\/\/laserenavegasaltas.org\/index.php?rest_route=\/wp\/v2\/users\/1"}],"replies":[{"embeddable":true,"href":"https:\/\/laserenavegasaltas.org\/index.php?rest_route=%2Fwp%2Fv2%2Fcomments&post=3328"}],"version-history":[{"count":5,"href":"https:\/\/laserenavegasaltas.org\/index.php?rest_route=\/wp\/v2\/pages\/3328\/revisions"}],"predecessor-version":[{"id":4048,"href":"https:\/\/laserenavegasaltas.org\/index.php?rest_route=\/wp\/v2\/pages\/3328\/revisions\/4048"}],"wp:attachment":[{"href":"https:\/\/laserenavegasaltas.org\/index.php?rest_route=%2Fwp%2Fv2%2Fmedia&parent=3328"}],"curies":[{"name":"wp","href":"https:\/\/api.w.org\/{rel}","templated":true}]}}

Aprobación de la Oferta de Empleo Público para la estabilización del empleo temporal.

<p><strong>ACTUALIZACIÓN 10/01/2023</strong></p>



<p>BOLETÍN OFICIAL DEL ESTADO DE 10 DE FEBRERO DE 2023</p>



<div data-wp-interactive="core/file" class="wp-block-file"><object data-wp-bind--hidden="!state.hasPdfPreview" hidden class="wp-block-file__embed" data="http://laserenavegasaltas.org/wp-content/uploads/2023/02/BOE-10-FEBRERO-2023-1.pdf" type="application/pdf" style="width:100%;height:600px" aria-label="Incrustado de Incrustado de BOE-10-FEBRERO-2023-1.."></object><a id="wp-block-file--media-e82cdabe-b5b5-49f9-9f5f-aa1ae36f9f8d" href="http://laserenavegasaltas.org/wp-content/uploads/2023/02/BOE-10-FEBRERO-2023-1.pdf">BOE-10-FEBRERO-2023-1</a><a href="http://laserenavegasaltas.org/wp-content/uploads/2023/02/BOE-10-FEBRERO-2023-1.pdf" class="wp-block-file__button" download aria-describedby="wp-block-file--media-e82cdabe-b5b5-49f9-9f5f-aa1ae36f9f8d">Descarga</a></div>



<p><strong>ACTUALIZACIÓN 24/01/2023</strong></p>



<p>BOLETÍN OFICIAL DE LA PROVINCIA DE BADAJOZ. 24 ENERO 2023</p>



<div data-wp-interactive="core/file" class="wp-block-file"><object data-wp-bind--hidden="!state.hasPdfPreview" hidden class="wp-block-file__embed" data="http://laserenavegasaltas.org/wp-content/uploads/2023/02/bop-24-enero-2023-1-1.pdf" type="application/pdf" style="width:100%;height:600px" aria-label="Incrustado de Incrustado de bop-24-enero-2023-1-1.."></object><a id="wp-block-file--media-246873c8-98da-410d-84ce-ea9080673499" href="http://laserenavegasaltas.org/wp-content/uploads/2023/02/bop-24-enero-2023-1-1.pdf">bop-24-enero-2023-1-1</a><a href="http://laserenavegasaltas.org/wp-content/uploads/2023/02/bop-24-enero-2023-1-1.pdf" class="wp-block-file__button" download aria-describedby="wp-block-file--media-246873c8-98da-410d-84ce-ea9080673499">Descarga</a></div>



<p><strong>BOLETÍN OFICIAL DEL ESTADO</strong><br>Núm. 14 Martes, 17 de enero de 2023.</p>



<div data-wp-interactive="core/file" class="wp-block-file"><object data-wp-bind--hidden="!state.hasPdfPreview" hidden class="wp-block-file__embed" data="http://laserenavegasaltas.org/wp-content/uploads/2023/01/BOE-A-2023-1127-1.pdf" type="application/pdf" style="width:100%;height:600px" aria-label="Incrustado de Incrustado de BOE-A-2023-1127-1.."></object><a id="wp-block-file--media-c4a4ea0d-a347-4aae-ad19-ff1df20d87fa" href="http://laserenavegasaltas.org/wp-content/uploads/2023/01/BOE-A-2023-1127-1.pdf">BOE-A-2023-1127-1</a><a href="http://laserenavegasaltas.org/wp-content/uploads/2023/01/BOE-A-2023-1127-1.pdf" class="wp-block-file__button" download aria-describedby="wp-block-file--media-c4a4ea0d-a347-4aae-ad19-ff1df20d87fa">Descarga</a></div>



<p><strong>BOLETÍN OFICIAL DE LA PROVINCIA</strong><br>Boletín nº 247<br>Anuncio 6250/2022<br>viernes, 30 de diciembre de 2022</p>



<div data-wp-interactive="core/file" class="wp-block-file"><object data-wp-bind--hidden="!state.hasPdfPreview" hidden class="wp-block-file__embed" data="http://laserenavegasaltas.org/wp-content/uploads/2023/01/2022-12-30_6250.pdf" type="application/pdf" style="width:100%;height:600px" aria-label="Incrustado de Incrustado de 2022-12-30_6250.."></object><a id="wp-block-file--media-2b27bd13-4da2-44ee-9c70-5a5a706fce31" href="http://laserenavegasaltas.org/wp-content/uploads/2023/01/2022-12-30_6250.pdf">2022-12-30_6250</a><a href="http://laserenavegasaltas.org/wp-content/uploads/2023/01/2022-12-30_6250.pdf" class="wp-block-file__button" download aria-describedby="wp-block-file--media-2b27bd13-4da2-44ee-9c70-5a5a706fce31">Descarga</a></div>



<p><strong><span class="has-inline-color has-vivid-red-color">ACTUALIZACIÓN 31/05/2022</span></strong></p>



<p>Por Resolución de la Presidencia del día 25 de mayo de 2022, avocando para este acto concreto las competencias delegadas en favor de la Junta de Gobierno mediante Resolución de 2 de septiembre de 2019, publicada en el Boletín Oficial de la Provincia n.º 170, de 5 de septiembre siguiente, se ha aprobado la siguiente Oferta excepcional de Empleo Público por la que se articulan los procesos de estabilización de empleo temporal previstos en la Ley 20/2021, de 28 de diciembre, de medidas urgentes para la reducción de la temporalidad en el empleo público.</p>



<div class="wp-block-file"><a id="wp-block-file--media-0fb2f175-2f68-41f5-89cd-4c54f13a4239" href="http://laserenavegasaltas.org/wp-content/uploads/2022/05/22080795-1-1.pdf">ANUNCIO de 25 de mayo de 2022 sobre aprobación de la Oferta de Empleo Público para la estabilización del empleo temporal. (2022080795)</a><a href="http://laserenavegasaltas.org/wp-content/uploads/2022/05/22080795-1-1.pdf" class="wp-block-file__button" download aria-describedby="wp-block-file--media-0fb2f175-2f68-41f5-89cd-4c54f13a4239">Descarga</a></div>

<p>ACTUALIZACIÓN 10/01/2023 BOLETÍN OFICIAL DEL ESTADO DE 10 DE FEBRERO DE 2023 ACTUALIZACIÓN 24/01/2023 BOLETÍN OFICIAL DE LA PROVINCIA DE BADAJOZ. 24 ENERO 2023 BOLETÍN OFICIAL<span class="excerpt-hellip"> […]</span></p>

<!-- This site is optimized with the Yoast SEO plugin v25.5 - https://yoast.com/wordpress/plugins/seo/ -->
<title>Aprobación de la Oferta de Empleo Público para la estabilización del empleo temporal. - Mancomunidad Integral de Servicios La Serena-Vegas Altas</title>
<meta name="robots" content="index, follow, max-snippet:-1, max-image-preview:large, max-video-preview:-1" />
<link rel="canonical" href="https://laserenavegasaltas.org/?page_id=3328" />
<meta property="og:locale" content="es_ES" />
<meta property="og:type" content="article" />
<meta property="og:title" content="Aprobación de la Oferta de Empleo Público para la estabilización del empleo temporal. - Mancomunidad Integral de Servicios La Serena-Vegas Altas" />
<meta property="og:description" content="ACTUALIZACIÓN 10/01/2023 BOLETÍN OFICIAL DEL ESTADO DE 10 DE FEBRERO DE 2023 ACTUALIZACIÓN 24/01/2023 BOLETÍN OFICIAL DE LA PROVINCIA DE BADAJOZ. 24 ENERO 2023 BOLETÍN OFICIAL […]" />
<meta property="og:url" content="https://laserenavegasaltas.org/?page_id=3328" />
<meta property="og:site_name" content="Mancomunidad Integral de Servicios La Serena-Vegas Altas" />
<meta property="article:modified_time" content="2023-02-13T07:41:08+00:00" />
<meta name="twitter:card" content="summary_large_image" />
<meta name="twitter:label1" content="Tiempo de lectura" />
	<meta name="twitter:data1" content="1 minuto" />
<script type="application/ld+json" class="yoast-schema-graph">{"@context":"https://schema.org","@graph":[{"@type":"WebPage","@id":"https://laserenavegasaltas.org/?page_id=3328","url":"https://laserenavegasaltas.org/?page_id=3328","name":"Aprobación de la Oferta de Empleo Público para la estabilización del empleo temporal. - Mancomunidad Integral de Servicios La Serena-Vegas Altas","isPartOf":{"@id":"https://laserenavegasaltas.org/#website"},"datePublished":"2022-05-31T06:23:21+00:00","dateModified":"2023-02-13T07:41:08+00:00","breadcrumb":{"@id":"https://laserenavegasaltas.org/?page_id=3328#breadcrumb"},"inLanguage":"es","potentialAction":[{"@type":"ReadAction","target":["https://laserenavegasaltas.org/?page_id=3328"]}]},{"@type":"BreadcrumbList","@id":"https://laserenavegasaltas.org/?page_id=3328#breadcrumb","itemListElement":[{"@type":"ListItem","position":1,"name":"Portada","item":"https://laserenavegasaltas.org/"},{"@type":"ListItem","position":2,"name":"Aprobación de la Oferta de Empleo Público para la estabilización del empleo temporal."}]},{"@type":"WebSite","@id":"https://laserenavegasaltas.org/#website","url":"https://laserenavegasaltas.org/","name":"Mancomunidad Integral de Servicios La Serena-Vegas Altas","description":"Mancomunidad Integral de Servicios La Serena-Vegas Altas","potentialAction":[{"@type":"SearchAction","target":{"@type":"EntryPoint","urlTemplate":"https://laserenavegasaltas.org/?s={search_term_string}"},"query-input":{"@type":"PropertyValueSpecification","valueRequired":true,"valueName":"search_term_string"}}],"inLanguage":"es"}]}</script>
<!-- / Yoast SEO plugin. -->

Aprobación de la Oferta de Empleo Público para la estabilización del empleo temporal. - Mancomunidad Integral de Servicios La Serena-Vegas Altas

ACTUALIZACIÓN 10/01/2023 BOLETÍN OFICIAL DEL ESTADO DE 10 DE FEBRERO DE 2023 ACTUALIZACIÓN 24/01/2023 BOLETÍN OFICIAL DE LA PROVINCIA DE BADAJOZ. 24 ENERO 2023 BOLETÍN OFICIAL […]
