{"id":3977,"date":"2023-01-23T08:13:21","date_gmt":"2023-01-23T08:13:21","guid":{"rendered":"http:\/\/laserenavegasaltas.org\/?page_id=3977"},"modified":"2023-02-07T08:23:58","modified_gmt":"2023-02-07T08:23:58","slug":"bases-provision-de-conductor-del-parque-de-maquinaria-actualizacion-23-01-2023","status":"publish","type":"page","link":"https:\/\/laserenavegasaltas.org\/?page_id=3977","title":{"rendered":"Bases provisi\u00f3n de  Conductor del Parque de Maquinaria (actualizaci\u00f3n 07\/02\/2023)"},"content":{"rendered":"\n<p><strong>ACTUALIZACI\u00d3N 07\/02\/2023<\/strong><\/p>\n\n\n\n<p>BOLET\u00cdN OFICIAL DEL ESTADO N\u00ba32 de 07 de febrero de 2023.<\/p>\n\n\n\n<p>Publicaci\u00f3n sobre proceso para la selecci\u00f3n de una plaza de Conductor del Parque de Maquinaria, de la plantilla de personal laboral fijo, por el sistema de concurso-oposici\u00f3n, en turno libre<\/p>\n\n\n\n<div data-wp-interactive=\"core\/file\" class=\"wp-block-file\"><object data-wp-bind--hidden=\"!state.hasPdfPreview\" hidden class=\"wp-block-file__embed\" data=\"http:\/\/laserenavegasaltas.org\/wp-content\/uploads\/2023\/02\/BOE-A-2023-3209-1.pdf\" type=\"application\/pdf\" style=\"width:100%;height:600px\" aria-label=\"Incrustado de Incrustado de BOE-A-2023-3209-1..\"><\/object><a id=\"wp-block-file--media-f4e4cf3e-3da3-4360-83a6-e16217b1d3ce\" href=\"http:\/\/laserenavegasaltas.org\/wp-content\/uploads\/2023\/02\/BOE-A-2023-3209-1.pdf\">BOE-A-2023-3209-1<\/a><a href=\"http:\/\/laserenavegasaltas.org\/wp-content\/uploads\/2023\/02\/BOE-A-2023-3209-1.pdf\" class=\"wp-block-file__button\" download aria-describedby=\"wp-block-file--media-f4e4cf3e-3da3-4360-83a6-e16217b1d3ce\">Descarga<\/a><\/div>\n\n\n\n<p><strong>ACTUALIZACI\u00d3N 23\/01\/2023<\/strong><\/p>\n\n\n\n<p>Publicaci\u00f3n Bolet\u00edn Oficial de la Provincia sobre  proceso para la selecci\u00f3n de una plaza de Conductor del Parque de Maquinaria, de la plantilla de personal laboral fijo, por el sistema de concurso-oposici\u00f3n, en turno libre.<\/p>\n\n\n\n<div data-wp-interactive=\"core\/file\" class=\"wp-block-file\"><object data-wp-bind--hidden=\"!state.hasPdfPreview\" hidden class=\"wp-block-file__embed\" data=\"http:\/\/laserenavegasaltas.org\/wp-content\/uploads\/2023\/01\/2023-01-23_251-1.pdf\" type=\"application\/pdf\" style=\"width:100%;height:600px\" aria-label=\"Incrustado de Incrustado de 2023-01-23_251-1..\"><\/object><a id=\"wp-block-file--media-28aeebd4-d1cf-4eaa-a1ec-bbfc966853c4\" href=\"http:\/\/laserenavegasaltas.org\/wp-content\/uploads\/2023\/01\/2023-01-23_251-1.pdf\">2023-01-23_251-1<\/a><a href=\"http:\/\/laserenavegasaltas.org\/wp-content\/uploads\/2023\/01\/2023-01-23_251-1.pdf\" class=\"wp-block-file__button\" download aria-describedby=\"wp-block-file--media-28aeebd4-d1cf-4eaa-a1ec-bbfc966853c4\">Descarga<\/a><\/div>\n","protected":false},"excerpt":{"rendered":"<p>ACTUALIZACI\u00d3N 07\/02\/2023 BOLET\u00cdN OFICIAL DEL ESTADO N\u00ba32 de 07 de febrero de 2023. Publicaci\u00f3n sobre proceso para la selecci\u00f3n de una plaza de Conductor del Parque<span class=\"excerpt-hellip\"> [\u2026]<\/span><\/p>\n","protected":false},"author":1,"featured_media":0,"parent":0,"menu_order":0,"comment_status":"closed","ping_status":"closed","template":"","meta":{"footnotes":""},"class_list":["post-3977","page","type-page","status-publish","hentry"],"yoast_head":"<!-- This site is optimized with the Yoast SEO plugin v25.5 - https:\/\/yoast.com\/wordpress\/plugins\/seo\/ -->\n<title>Bases provisi\u00f3n de Conductor del Parque de Maquinaria (actualizaci\u00f3n 07\/02\/2023) - Mancomunidad Integral de Servicios La Serena-Vegas Altas<\/title>\n<meta name=\"robots\" content=\"index, follow, max-snippet:-1, max-image-preview:large, max-video-preview:-1\" \/>\n<link rel=\"canonical\" href=\"https:\/\/laserenavegasaltas.org\/?page_id=3977\" \/>\n<meta property=\"og:locale\" content=\"es_ES\" \/>\n<meta property=\"og:type\" content=\"article\" \/>\n<meta property=\"og:title\" content=\"Bases provisi\u00f3n de Conductor del Parque de Maquinaria (actualizaci\u00f3n 07\/02\/2023) - Mancomunidad Integral de Servicios La Serena-Vegas Altas\" \/>\n<meta property=\"og:description\" content=\"ACTUALIZACI\u00d3N 07\/02\/2023 BOLET\u00cdN OFICIAL DEL ESTADO N\u00ba32 de 07 de febrero de 2023. Publicaci\u00f3n sobre proceso para la selecci\u00f3n de una plaza de Conductor del Parque [\u2026]\" \/>\n<meta property=\"og:url\" content=\"https:\/\/laserenavegasaltas.org\/?page_id=3977\" \/>\n<meta property=\"og:site_name\" content=\"Mancomunidad Integral de Servicios La Serena-Vegas Altas\" \/>\n<meta property=\"article:modified_time\" content=\"2023-02-07T08:23:58+00:00\" \/>\n<meta name=\"twitter:card\" content=\"summary_large_image\" \/>\n<script type=\"application\/ld+json\" class=\"yoast-schema-graph\">{\"@context\":\"https:\/\/schema.org\",\"@graph\":[{\"@type\":\"WebPage\",\"@id\":\"https:\/\/laserenavegasaltas.org\/?page_id=3977\",\"url\":\"https:\/\/laserenavegasaltas.org\/?page_id=3977\",\"name\":\"Bases provisi\u00f3n de Conductor del Parque de Maquinaria (actualizaci\u00f3n 07\/02\/2023) - Mancomunidad Integral de Servicios La Serena-Vegas Altas\",\"isPartOf\":{\"@id\":\"https:\/\/laserenavegasaltas.org\/#website\"},\"datePublished\":\"2023-01-23T08:13:21+00:00\",\"dateModified\":\"2023-02-07T08:23:58+00:00\",\"breadcrumb\":{\"@id\":\"https:\/\/laserenavegasaltas.org\/?page_id=3977#breadcrumb\"},\"inLanguage\":\"es\",\"potentialAction\":[{\"@type\":\"ReadAction\",\"target\":[\"https:\/\/laserenavegasaltas.org\/?page_id=3977\"]}]},{\"@type\":\"BreadcrumbList\",\"@id\":\"https:\/\/laserenavegasaltas.org\/?page_id=3977#breadcrumb\",\"itemListElement\":[{\"@type\":\"ListItem\",\"position\":1,\"name\":\"Portada\",\"item\":\"https:\/\/laserenavegasaltas.org\/\"},{\"@type\":\"ListItem\",\"position\":2,\"name\":\"Bases provisi\u00f3n de Conductor del Parque de Maquinaria (actualizaci\u00f3n 07\/02\/2023)\"}]},{\"@type\":\"WebSite\",\"@id\":\"https:\/\/laserenavegasaltas.org\/#website\",\"url\":\"https:\/\/laserenavegasaltas.org\/\",\"name\":\"Mancomunidad Integral de Servicios La Serena-Vegas Altas\",\"description\":\"Mancomunidad Integral de Servicios La Serena-Vegas Altas\",\"potentialAction\":[{\"@type\":\"SearchAction\",\"target\":{\"@type\":\"EntryPoint\",\"urlTemplate\":\"https:\/\/laserenavegasaltas.org\/?s={search_term_string}\"},\"query-input\":{\"@type\":\"PropertyValueSpecification\",\"valueRequired\":true,\"valueName\":\"search_term_string\"}}],\"inLanguage\":\"es\"}]}<\/script>\n<!-- \/ Yoast SEO plugin. -->","yoast_head_json":{"title":"Bases provisi\u00f3n de Conductor del Parque de Maquinaria (actualizaci\u00f3n 07\/02\/2023) - Mancomunidad Integral de Servicios La Serena-Vegas Altas","robots":{"index":"index","follow":"follow","max-snippet":"max-snippet:-1","max-image-preview":"max-image-preview:large","max-video-preview":"max-video-preview:-1"},"canonical":"https:\/\/laserenavegasaltas.org\/?page_id=3977","og_locale":"es_ES","og_type":"article","og_title":"Bases provisi\u00f3n de Conductor del Parque de Maquinaria (actualizaci\u00f3n 07\/02\/2023) - Mancomunidad Integral de Servicios La Serena-Vegas Altas","og_description":"ACTUALIZACI\u00d3N 07\/02\/2023 BOLET\u00cdN OFICIAL DEL ESTADO N\u00ba32 de 07 de febrero de 2023. Publicaci\u00f3n sobre proceso para la selecci\u00f3n de una plaza de Conductor del Parque [\u2026]","og_url":"https:\/\/laserenavegasaltas.org\/?page_id=3977","og_site_name":"Mancomunidad Integral de Servicios La Serena-Vegas Altas","article_modified_time":"2023-02-07T08:23:58+00:00","twitter_card":"summary_large_image","schema":{"@context":"https:\/\/schema.org","@graph":[{"@type":"WebPage","@id":"https:\/\/laserenavegasaltas.org\/?page_id=3977","url":"https:\/\/laserenavegasaltas.org\/?page_id=3977","name":"Bases provisi\u00f3n de Conductor del Parque de Maquinaria (actualizaci\u00f3n 07\/02\/2023) - Mancomunidad Integral de Servicios La Serena-Vegas Altas","isPartOf":{"@id":"https:\/\/laserenavegasaltas.org\/#website"},"datePublished":"2023-01-23T08:13:21+00:00","dateModified":"2023-02-07T08:23:58+00:00","breadcrumb":{"@id":"https:\/\/laserenavegasaltas.org\/?page_id=3977#breadcrumb"},"inLanguage":"es","potentialAction":[{"@type":"ReadAction","target":["https:\/\/laserenavegasaltas.org\/?page_id=3977"]}]},{"@type":"BreadcrumbList","@id":"https:\/\/laserenavegasaltas.org\/?page_id=3977#breadcrumb","itemListElement":[{"@type":"ListItem","position":1,"name":"Portada","item":"https:\/\/laserenavegasaltas.org\/"},{"@type":"ListItem","position":2,"name":"Bases provisi\u00f3n de Conductor del Parque de Maquinaria (actualizaci\u00f3n 07\/02\/2023)"}]},{"@type":"WebSite","@id":"https:\/\/laserenavegasaltas.org\/#website","url":"https:\/\/laserenavegasaltas.org\/","name":"Mancomunidad Integral de Servicios La Serena-Vegas Altas","description":"Mancomunidad Integral de Servicios La Serena-Vegas Altas","potentialAction":[{"@type":"SearchAction","target":{"@type":"EntryPoint","urlTemplate":"https:\/\/laserenavegasaltas.org\/?s={search_term_string}"},"query-input":{"@type":"PropertyValueSpecification","valueRequired":true,"valueName":"search_term_string"}}],"inLanguage":"es"}]}},"_links":{"self":[{"href":"https:\/\/laserenavegasaltas.org\/index.php?rest_route=\/wp\/v2\/pages\/3977","targetHints":{"allow":["GET"]}}],"collection":[{"href":"https:\/\/laserenavegasaltas.org\/index.php?rest_route=\/wp\/v2\/pages"}],"about":[{"href":"https:\/\/laserenavegasaltas.org\/index.php?rest_route=\/wp\/v2\/types\/page"}],"author":[{"embeddable":true,"href":"https:\/\/laserenavegasaltas.org\/index.php?rest_route=\/wp\/v2\/users\/1"}],"replies":[{"embeddable":true,"href":"https:\/\/laserenavegasaltas.org\/index.php?rest_route=%2Fwp%2Fv2%2Fcomments&post=3977"}],"version-history":[{"count":3,"href":"https:\/\/laserenavegasaltas.org\/index.php?rest_route=\/wp\/v2\/pages\/3977\/revisions"}],"predecessor-version":[{"id":4040,"href":"https:\/\/laserenavegasaltas.org\/index.php?rest_route=\/wp\/v2\/pages\/3977\/revisions\/4040"}],"wp:attachment":[{"href":"https:\/\/laserenavegasaltas.org\/index.php?rest_route=%2Fwp%2Fv2%2Fmedia&parent=3977"}],"curies":[{"name":"wp","href":"https:\/\/api.w.org\/{rel}","templated":true}]}}

Bases provisión de  Conductor del Parque de Maquinaria (actualización 07/02/2023)

<p><strong>ACTUALIZACIÓN 07/02/2023</strong></p>



<p>BOLETÍN OFICIAL DEL ESTADO Nº32 de 07 de febrero de 2023.</p>



<p>Publicación sobre proceso para la selección de una plaza de Conductor del Parque de Maquinaria, de la plantilla de personal laboral fijo, por el sistema de concurso-oposición, en turno libre</p>



<div data-wp-interactive="core/file" class="wp-block-file"><object data-wp-bind--hidden="!state.hasPdfPreview" hidden class="wp-block-file__embed" data="http://laserenavegasaltas.org/wp-content/uploads/2023/02/BOE-A-2023-3209-1.pdf" type="application/pdf" style="width:100%;height:600px" aria-label="Incrustado de Incrustado de BOE-A-2023-3209-1.."></object><a id="wp-block-file--media-f4e4cf3e-3da3-4360-83a6-e16217b1d3ce" href="http://laserenavegasaltas.org/wp-content/uploads/2023/02/BOE-A-2023-3209-1.pdf">BOE-A-2023-3209-1</a><a href="http://laserenavegasaltas.org/wp-content/uploads/2023/02/BOE-A-2023-3209-1.pdf" class="wp-block-file__button" download aria-describedby="wp-block-file--media-f4e4cf3e-3da3-4360-83a6-e16217b1d3ce">Descarga</a></div>



<p><strong>ACTUALIZACIÓN 23/01/2023</strong></p>



<p>Publicación Boletín Oficial de la Provincia sobre  proceso para la selección de una plaza de Conductor del Parque de Maquinaria, de la plantilla de personal laboral fijo, por el sistema de concurso-oposición, en turno libre.</p>



<div data-wp-interactive="core/file" class="wp-block-file"><object data-wp-bind--hidden="!state.hasPdfPreview" hidden class="wp-block-file__embed" data="http://laserenavegasaltas.org/wp-content/uploads/2023/01/2023-01-23_251-1.pdf" type="application/pdf" style="width:100%;height:600px" aria-label="Incrustado de Incrustado de 2023-01-23_251-1.."></object><a id="wp-block-file--media-28aeebd4-d1cf-4eaa-a1ec-bbfc966853c4" href="http://laserenavegasaltas.org/wp-content/uploads/2023/01/2023-01-23_251-1.pdf">2023-01-23_251-1</a><a href="http://laserenavegasaltas.org/wp-content/uploads/2023/01/2023-01-23_251-1.pdf" class="wp-block-file__button" download aria-describedby="wp-block-file--media-28aeebd4-d1cf-4eaa-a1ec-bbfc966853c4">Descarga</a></div>

<p>ACTUALIZACIÓN 07/02/2023 BOLETÍN OFICIAL DEL ESTADO Nº32 de 07 de febrero de 2023. Publicación sobre proceso para la selección de una plaza de Conductor del Parque<span class="excerpt-hellip"> […]</span></p>

<!-- This site is optimized with the Yoast SEO plugin v25.5 - https://yoast.com/wordpress/plugins/seo/ -->
<title>Bases provisión de Conductor del Parque de Maquinaria (actualización 07/02/2023) - Mancomunidad Integral de Servicios La Serena-Vegas Altas</title>
<meta name="robots" content="index, follow, max-snippet:-1, max-image-preview:large, max-video-preview:-1" />
<link rel="canonical" href="https://laserenavegasaltas.org/?page_id=3977" />
<meta property="og:locale" content="es_ES" />
<meta property="og:type" content="article" />
<meta property="og:title" content="Bases provisión de Conductor del Parque de Maquinaria (actualización 07/02/2023) - Mancomunidad Integral de Servicios La Serena-Vegas Altas" />
<meta property="og:description" content="ACTUALIZACIÓN 07/02/2023 BOLETÍN OFICIAL DEL ESTADO Nº32 de 07 de febrero de 2023. Publicación sobre proceso para la selección de una plaza de Conductor del Parque […]" />
<meta property="og:url" content="https://laserenavegasaltas.org/?page_id=3977" />
<meta property="og:site_name" content="Mancomunidad Integral de Servicios La Serena-Vegas Altas" />
<meta property="article:modified_time" content="2023-02-07T08:23:58+00:00" />
<meta name="twitter:card" content="summary_large_image" />
<script type="application/ld+json" class="yoast-schema-graph">{"@context":"https://schema.org","@graph":[{"@type":"WebPage","@id":"https://laserenavegasaltas.org/?page_id=3977","url":"https://laserenavegasaltas.org/?page_id=3977","name":"Bases provisión de Conductor del Parque de Maquinaria (actualización 07/02/2023) - Mancomunidad Integral de Servicios La Serena-Vegas Altas","isPartOf":{"@id":"https://laserenavegasaltas.org/#website"},"datePublished":"2023-01-23T08:13:21+00:00","dateModified":"2023-02-07T08:23:58+00:00","breadcrumb":{"@id":"https://laserenavegasaltas.org/?page_id=3977#breadcrumb"},"inLanguage":"es","potentialAction":[{"@type":"ReadAction","target":["https://laserenavegasaltas.org/?page_id=3977"]}]},{"@type":"BreadcrumbList","@id":"https://laserenavegasaltas.org/?page_id=3977#breadcrumb","itemListElement":[{"@type":"ListItem","position":1,"name":"Portada","item":"https://laserenavegasaltas.org/"},{"@type":"ListItem","position":2,"name":"Bases provisión de Conductor del Parque de Maquinaria (actualización 07/02/2023)"}]},{"@type":"WebSite","@id":"https://laserenavegasaltas.org/#website","url":"https://laserenavegasaltas.org/","name":"Mancomunidad Integral de Servicios La Serena-Vegas Altas","description":"Mancomunidad Integral de Servicios La Serena-Vegas Altas","potentialAction":[{"@type":"SearchAction","target":{"@type":"EntryPoint","urlTemplate":"https://laserenavegasaltas.org/?s={search_term_string}"},"query-input":{"@type":"PropertyValueSpecification","valueRequired":true,"valueName":"search_term_string"}}],"inLanguage":"es"}]}</script>
<!-- / Yoast SEO plugin. -->

Bases provisión de Conductor del Parque de Maquinaria (actualización 07/02/2023) - Mancomunidad Integral de Servicios La Serena-Vegas Altas

ACTUALIZACIÓN 07/02/2023 BOLETÍN OFICIAL DEL ESTADO Nº32 de 07 de febrero de 2023. Publicación sobre proceso para la selección de una plaza de Conductor del Parque […]

Bases provisión de Conductor del Parque de Maquinaria (actualización 07/02/2023)
