{"id":5311,"date":"2025-10-14T07:38:16","date_gmt":"2025-10-14T06:38:16","guid":{"rendered":"https:\/\/laserenavegasaltas.org\/?page_id=5311"},"modified":"2026-03-11T08:49:37","modified_gmt":"2026-03-11T07:49:37","slug":"convocatoria-para-la-contratacion-por-tiempo-indefinido-de-un-a-licenciado-a-en-derecho-para-la-adscripcion-a-la-oficina-tecnica-de-urbanismo-y-desarrollo-territorial-sostenible-actualizacion-14-10","status":"publish","type":"page","link":"https:\/\/laserenavegasaltas.org\/?page_id=5311","title":{"rendered":"Convocatoria para la contrataci\u00f3n por tiempo indefinido de un\/a Licenciado\/a en Derecho, para la adscripci\u00f3n a la Oficina T\u00e9cnica de Urbanismo y Desarrollo Territorial Sostenible. (actualizaci\u00f3n 11\/03\/2026)"},"content":{"rendered":"<p><strong>ACTUALIZACI\u00d3N 11\/03\/2026<\/strong><\/p>\n<p>Convocatoria para la contrataci\u00f3n por tiempo indefinido de un\/a Licenciado\/a en Derecho, para su adscripci\u00f3n a la Oficina T\u00e9cnica de Urbanismo y Desarrollo Territorial Sostenible<\/p>\n<p>BOLET\u00cdN OFICIAL DE LA PROVINCIA DE BADAJOZ. Bolet\u00edn ordinario n.\u00ba 47 de\u00a0\u00a0<time datetime=\"2026-03-11\">mi\u00e9rcoles, 11 de marzo de 2026<\/time><\/p>\n<div><a href=\"https:\/\/www.dip-badajoz.es\/bop\/ventana_anuncio.php?id_anuncio=161504&amp;FechaSolicitada=20260311000000\">ENLACE AL Anuncio\u00a0<strong>789\/2026<\/strong><\/a><\/div>\n<div><\/div>\n<div>\n<p><strong>BASES PUBLICADAS EN EL BOP N\u00ba 236 de martes, 10 de diciembre de 2024.<\/strong><\/p>\n<p><a href=\"https:\/\/www.dip-badajoz.es\/bop\/ventana_anuncio.php?id_anuncio=154652&amp;FechaSolicitada=20241210000000\">ANUNCIO 5924\/2024<\/a><\/p>\n<p>Bases de convocatoria para cubrir varios puestos<\/p>\n<p>Modelo ANEXO I:\u00a0<a href=\"https:\/\/laserenavegasaltas.org\/\/wp-content\/uploads\/2024\/12\/anexo-I.pdf\">anexo I<\/a><\/p>\n<\/div>\n","protected":false},"excerpt":{"rendered":"<p>ACTUALIZACI\u00d3N 11\/03\/2026 Convocatoria para la contrataci\u00f3n por tiempo indefinido de un\/a Licenciado\/a en Derecho, para su adscripci\u00f3n a la Oficina T\u00e9cnica de Urbanismo y Desarrollo Territorial<span class=\"excerpt-hellip\"> [\u2026]<\/span><\/p>\n","protected":false},"author":1,"featured_media":-1,"parent":0,"menu_order":0,"comment_status":"closed","ping_status":"closed","template":"","meta":{"footnotes":""},"class_list":["post-5311","page","type-page","status-publish","has-post-thumbnail","hentry"],"yoast_head":"<!-- This site is optimized with the Yoast SEO plugin v25.5 - https:\/\/yoast.com\/wordpress\/plugins\/seo\/ -->\n<title>Convocatoria para la contrataci\u00f3n por tiempo indefinido de un\/a Licenciado\/a en Derecho, para la adscripci\u00f3n a la Oficina T\u00e9cnica de Urbanismo y Desarrollo Territorial Sostenible. (actualizaci\u00f3n 11\/03\/2026) - Mancomunidad Integral de Servicios La Serena-Vegas Altas<\/title>\n<meta name=\"robots\" content=\"index, follow, max-snippet:-1, max-image-preview:large, max-video-preview:-1\" \/>\n<link rel=\"canonical\" href=\"https:\/\/laserenavegasaltas.org\/?page_id=5311\" \/>\n<meta property=\"og:locale\" content=\"es_ES\" \/>\n<meta property=\"og:type\" content=\"article\" \/>\n<meta property=\"og:title\" content=\"Convocatoria para la contrataci\u00f3n por tiempo indefinido de un\/a Licenciado\/a en Derecho, para la adscripci\u00f3n a la Oficina T\u00e9cnica de Urbanismo y Desarrollo Territorial Sostenible. (actualizaci\u00f3n 11\/03\/2026) - Mancomunidad Integral de Servicios La Serena-Vegas Altas\" \/>\n<meta property=\"og:description\" content=\"ACTUALIZACI\u00d3N 11\/03\/2026 Convocatoria para la contrataci\u00f3n por tiempo indefinido de un\/a Licenciado\/a en Derecho, para su adscripci\u00f3n a la Oficina T\u00e9cnica de Urbanismo y Desarrollo Territorial [\u2026]\" \/>\n<meta property=\"og:url\" content=\"https:\/\/laserenavegasaltas.org\/?page_id=5311\" \/>\n<meta property=\"og:site_name\" content=\"Mancomunidad Integral de Servicios La Serena-Vegas Altas\" \/>\n<meta property=\"article:modified_time\" content=\"2026-03-11T07:49:37+00:00\" \/>\n<meta name=\"twitter:card\" content=\"summary_large_image\" \/>\n<meta name=\"twitter:label1\" content=\"Tiempo de lectura\" \/>\n\t<meta name=\"twitter:data1\" content=\"1 minuto\" \/>\n<script type=\"application\/ld+json\" class=\"yoast-schema-graph\">{\"@context\":\"https:\/\/schema.org\",\"@graph\":[{\"@type\":\"WebPage\",\"@id\":\"https:\/\/laserenavegasaltas.org\/?page_id=5311\",\"url\":\"https:\/\/laserenavegasaltas.org\/?page_id=5311\",\"name\":\"Convocatoria para la contrataci\u00f3n por tiempo indefinido de un\/a Licenciado\/a en Derecho, para la adscripci\u00f3n a la Oficina T\u00e9cnica de Urbanismo y Desarrollo Territorial Sostenible. (actualizaci\u00f3n 11\/03\/2026) - Mancomunidad Integral de Servicios La Serena-Vegas Altas\",\"isPartOf\":{\"@id\":\"https:\/\/laserenavegasaltas.org\/#website\"},\"datePublished\":\"2025-10-14T06:38:16+00:00\",\"dateModified\":\"2026-03-11T07:49:37+00:00\",\"breadcrumb\":{\"@id\":\"https:\/\/laserenavegasaltas.org\/?page_id=5311#breadcrumb\"},\"inLanguage\":\"es\",\"potentialAction\":[{\"@type\":\"ReadAction\",\"target\":[\"https:\/\/laserenavegasaltas.org\/?page_id=5311\"]}]},{\"@type\":\"BreadcrumbList\",\"@id\":\"https:\/\/laserenavegasaltas.org\/?page_id=5311#breadcrumb\",\"itemListElement\":[{\"@type\":\"ListItem\",\"position\":1,\"name\":\"Portada\",\"item\":\"https:\/\/laserenavegasaltas.org\/\"},{\"@type\":\"ListItem\",\"position\":2,\"name\":\"Convocatoria para la contrataci\u00f3n por tiempo indefinido de un\/a Licenciado\/a en Derecho, para la adscripci\u00f3n a la Oficina T\u00e9cnica de Urbanismo y Desarrollo Territorial Sostenible. (actualizaci\u00f3n 11\/03\/2026)\"}]},{\"@type\":\"WebSite\",\"@id\":\"https:\/\/laserenavegasaltas.org\/#website\",\"url\":\"https:\/\/laserenavegasaltas.org\/\",\"name\":\"Mancomunidad Integral de Servicios La Serena-Vegas Altas\",\"description\":\"Mancomunidad Integral de Servicios La Serena-Vegas Altas\",\"potentialAction\":[{\"@type\":\"SearchAction\",\"target\":{\"@type\":\"EntryPoint\",\"urlTemplate\":\"https:\/\/laserenavegasaltas.org\/?s={search_term_string}\"},\"query-input\":{\"@type\":\"PropertyValueSpecification\",\"valueRequired\":true,\"valueName\":\"search_term_string\"}}],\"inLanguage\":\"es\"}]}<\/script>\n<!-- \/ Yoast SEO plugin. -->","yoast_head_json":{"title":"Convocatoria para la contrataci\u00f3n por tiempo indefinido de un\/a Licenciado\/a en Derecho, para la adscripci\u00f3n a la Oficina T\u00e9cnica de Urbanismo y Desarrollo Territorial Sostenible. (actualizaci\u00f3n 11\/03\/2026) - Mancomunidad Integral de Servicios La Serena-Vegas Altas","robots":{"index":"index","follow":"follow","max-snippet":"max-snippet:-1","max-image-preview":"max-image-preview:large","max-video-preview":"max-video-preview:-1"},"canonical":"https:\/\/laserenavegasaltas.org\/?page_id=5311","og_locale":"es_ES","og_type":"article","og_title":"Convocatoria para la contrataci\u00f3n por tiempo indefinido de un\/a Licenciado\/a en Derecho, para la adscripci\u00f3n a la Oficina T\u00e9cnica de Urbanismo y Desarrollo Territorial Sostenible. (actualizaci\u00f3n 11\/03\/2026) - Mancomunidad Integral de Servicios La Serena-Vegas Altas","og_description":"ACTUALIZACI\u00d3N 11\/03\/2026 Convocatoria para la contrataci\u00f3n por tiempo indefinido de un\/a Licenciado\/a en Derecho, para su adscripci\u00f3n a la Oficina T\u00e9cnica de Urbanismo y Desarrollo Territorial [\u2026]","og_url":"https:\/\/laserenavegasaltas.org\/?page_id=5311","og_site_name":"Mancomunidad Integral de Servicios La Serena-Vegas Altas","article_modified_time":"2026-03-11T07:49:37+00:00","twitter_card":"summary_large_image","twitter_misc":{"Tiempo de lectura":"1 minuto"},"schema":{"@context":"https:\/\/schema.org","@graph":[{"@type":"WebPage","@id":"https:\/\/laserenavegasaltas.org\/?page_id=5311","url":"https:\/\/laserenavegasaltas.org\/?page_id=5311","name":"Convocatoria para la contrataci\u00f3n por tiempo indefinido de un\/a Licenciado\/a en Derecho, para la adscripci\u00f3n a la Oficina T\u00e9cnica de Urbanismo y Desarrollo Territorial Sostenible. (actualizaci\u00f3n 11\/03\/2026) - Mancomunidad Integral de Servicios La Serena-Vegas Altas","isPartOf":{"@id":"https:\/\/laserenavegasaltas.org\/#website"},"datePublished":"2025-10-14T06:38:16+00:00","dateModified":"2026-03-11T07:49:37+00:00","breadcrumb":{"@id":"https:\/\/laserenavegasaltas.org\/?page_id=5311#breadcrumb"},"inLanguage":"es","potentialAction":[{"@type":"ReadAction","target":["https:\/\/laserenavegasaltas.org\/?page_id=5311"]}]},{"@type":"BreadcrumbList","@id":"https:\/\/laserenavegasaltas.org\/?page_id=5311#breadcrumb","itemListElement":[{"@type":"ListItem","position":1,"name":"Portada","item":"https:\/\/laserenavegasaltas.org\/"},{"@type":"ListItem","position":2,"name":"Convocatoria para la contrataci\u00f3n por tiempo indefinido de un\/a Licenciado\/a en Derecho, para la adscripci\u00f3n a la Oficina T\u00e9cnica de Urbanismo y Desarrollo Territorial Sostenible. (actualizaci\u00f3n 11\/03\/2026)"}]},{"@type":"WebSite","@id":"https:\/\/laserenavegasaltas.org\/#website","url":"https:\/\/laserenavegasaltas.org\/","name":"Mancomunidad Integral de Servicios La Serena-Vegas Altas","description":"Mancomunidad Integral de Servicios La Serena-Vegas Altas","potentialAction":[{"@type":"SearchAction","target":{"@type":"EntryPoint","urlTemplate":"https:\/\/laserenavegasaltas.org\/?s={search_term_string}"},"query-input":{"@type":"PropertyValueSpecification","valueRequired":true,"valueName":"search_term_string"}}],"inLanguage":"es"}]}},"_links":{"self":[{"href":"https:\/\/laserenavegasaltas.org\/index.php?rest_route=\/wp\/v2\/pages\/5311","targetHints":{"allow":["GET"]}}],"collection":[{"href":"https:\/\/laserenavegasaltas.org\/index.php?rest_route=\/wp\/v2\/pages"}],"about":[{"href":"https:\/\/laserenavegasaltas.org\/index.php?rest_route=\/wp\/v2\/types\/page"}],"author":[{"embeddable":true,"href":"https:\/\/laserenavegasaltas.org\/index.php?rest_route=\/wp\/v2\/users\/1"}],"replies":[{"embeddable":true,"href":"https:\/\/laserenavegasaltas.org\/index.php?rest_route=%2Fwp%2Fv2%2Fcomments&post=5311"}],"version-history":[{"count":9,"href":"https:\/\/laserenavegasaltas.org\/index.php?rest_route=\/wp\/v2\/pages\/5311\/revisions"}],"predecessor-version":[{"id":5495,"href":"https:\/\/laserenavegasaltas.org\/index.php?rest_route=\/wp\/v2\/pages\/5311\/revisions\/5495"}],"wp:featuredmedia":[{"embeddable":true,"href":"https:\/\/laserenavegasaltas.org\/index.php?rest_route=\/"}],"wp:attachment":[{"href":"https:\/\/laserenavegasaltas.org\/index.php?rest_route=%2Fwp%2Fv2%2Fmedia&parent=5311"}],"curies":[{"name":"wp","href":"https:\/\/api.w.org\/{rel}","templated":true}]}}

Convocatoria para la contratación por tiempo indefinido de un/a Licenciado/a en Derecho, para la adscripción a la Oficina Técnica de Urbanismo y Desarrollo Territorial Sostenible. (actualización 11/03/2026)

<p><strong>ACTUALIZACIÓN 11/03/2026</strong></p>
<p>Convocatoria para la contratación por tiempo indefinido de un/a Licenciado/a en Derecho, para su adscripción a la Oficina Técnica de Urbanismo y Desarrollo Territorial Sostenible</p>
<p>BOLETÍN OFICIAL DE LA PROVINCIA DE BADAJOZ. Boletín ordinario n.º 47 de  <time datetime="2026-03-11">miércoles, 11 de marzo de 2026</time></p>
<div><a href="https://www.dip-badajoz.es/bop/ventana_anuncio.php?id_anuncio=161504&amp;FechaSolicitada=20260311000000">ENLACE AL Anuncio <strong>789/2026</strong></a></div>
<div></div>
<div>
<p><strong>BASES PUBLICADAS EN EL BOP Nº 236 de martes, 10 de diciembre de 2024.</strong></p>
<p><a href="https://www.dip-badajoz.es/bop/ventana_anuncio.php?id_anuncio=154652&amp;FechaSolicitada=20241210000000">ANUNCIO 5924/2024</a></p>
<p>Bases de convocatoria para cubrir varios puestos</p>
<p>Modelo ANEXO I: <a href="https://laserenavegasaltas.org//wp-content/uploads/2024/12/anexo-I.pdf">anexo I</a></p>
</div>

<p>ACTUALIZACIÓN 11/03/2026 Convocatoria para la contratación por tiempo indefinido de un/a Licenciado/a en Derecho, para su adscripción a la Oficina Técnica de Urbanismo y Desarrollo Territorial<span class="excerpt-hellip"> […]</span></p>

<!-- This site is optimized with the Yoast SEO plugin v25.5 - https://yoast.com/wordpress/plugins/seo/ -->
<title>Convocatoria para la contratación por tiempo indefinido de un/a Licenciado/a en Derecho, para la adscripción a la Oficina Técnica de Urbanismo y Desarrollo Territorial Sostenible. (actualización 11/03/2026) - Mancomunidad Integral de Servicios La Serena-Vegas Altas</title>
<meta name="robots" content="index, follow, max-snippet:-1, max-image-preview:large, max-video-preview:-1" />
<link rel="canonical" href="https://laserenavegasaltas.org/?page_id=5311" />
<meta property="og:locale" content="es_ES" />
<meta property="og:type" content="article" />
<meta property="og:title" content="Convocatoria para la contratación por tiempo indefinido de un/a Licenciado/a en Derecho, para la adscripción a la Oficina Técnica de Urbanismo y Desarrollo Territorial Sostenible. (actualización 11/03/2026) - Mancomunidad Integral de Servicios La Serena-Vegas Altas" />
<meta property="og:description" content="ACTUALIZACIÓN 11/03/2026 Convocatoria para la contratación por tiempo indefinido de un/a Licenciado/a en Derecho, para su adscripción a la Oficina Técnica de Urbanismo y Desarrollo Territorial […]" />
<meta property="og:url" content="https://laserenavegasaltas.org/?page_id=5311" />
<meta property="og:site_name" content="Mancomunidad Integral de Servicios La Serena-Vegas Altas" />
<meta property="article:modified_time" content="2026-03-11T07:49:37+00:00" />
<meta name="twitter:card" content="summary_large_image" />
<meta name="twitter:label1" content="Tiempo de lectura" />
	<meta name="twitter:data1" content="1 minuto" />
<script type="application/ld+json" class="yoast-schema-graph">{"@context":"https://schema.org","@graph":[{"@type":"WebPage","@id":"https://laserenavegasaltas.org/?page_id=5311","url":"https://laserenavegasaltas.org/?page_id=5311","name":"Convocatoria para la contratación por tiempo indefinido de un/a Licenciado/a en Derecho, para la adscripción a la Oficina Técnica de Urbanismo y Desarrollo Territorial Sostenible. (actualización 11/03/2026) - Mancomunidad Integral de Servicios La Serena-Vegas Altas","isPartOf":{"@id":"https://laserenavegasaltas.org/#website"},"datePublished":"2025-10-14T06:38:16+00:00","dateModified":"2026-03-11T07:49:37+00:00","breadcrumb":{"@id":"https://laserenavegasaltas.org/?page_id=5311#breadcrumb"},"inLanguage":"es","potentialAction":[{"@type":"ReadAction","target":["https://laserenavegasaltas.org/?page_id=5311"]}]},{"@type":"BreadcrumbList","@id":"https://laserenavegasaltas.org/?page_id=5311#breadcrumb","itemListElement":[{"@type":"ListItem","position":1,"name":"Portada","item":"https://laserenavegasaltas.org/"},{"@type":"ListItem","position":2,"name":"Convocatoria para la contratación por tiempo indefinido de un/a Licenciado/a en Derecho, para la adscripción a la Oficina Técnica de Urbanismo y Desarrollo Territorial Sostenible. (actualización 11/03/2026)"}]},{"@type":"WebSite","@id":"https://laserenavegasaltas.org/#website","url":"https://laserenavegasaltas.org/","name":"Mancomunidad Integral de Servicios La Serena-Vegas Altas","description":"Mancomunidad Integral de Servicios La Serena-Vegas Altas","potentialAction":[{"@type":"SearchAction","target":{"@type":"EntryPoint","urlTemplate":"https://laserenavegasaltas.org/?s={search_term_string}"},"query-input":{"@type":"PropertyValueSpecification","valueRequired":true,"valueName":"search_term_string"}}],"inLanguage":"es"}]}</script>
<!-- / Yoast SEO plugin. -->

Convocatoria para la contratación por tiempo indefinido de un/a Licenciado/a en Derecho, para la adscripción a la Oficina Técnica de Urbanismo y Desarrollo Territorial Sostenible. (actualización 11/03/2026) - Mancomunidad Integral de Servicios La Serena-Vegas Altas

ACTUALIZACIÓN 11/03/2026 Convocatoria para la contratación por tiempo indefinido de un/a Licenciado/a en Derecho, para su adscripción a la Oficina Técnica de Urbanismo y Desarrollo Territorial […]
