{"id":5432,"date":"2025-12-11T10:23:41","date_gmt":"2025-12-11T09:23:41","guid":{"rendered":"https:\/\/laserenavegasaltas.org\/?page_id=5432"},"modified":"2025-12-23T09:56:58","modified_gmt":"2025-12-23T08:56:58","slug":"convocatoria-proceso-selectivo-personal-tecnico-programa-de-colaboracion-economica-municipal-de-orientacion-y-prospeccion-para-el-desarrollo-local-pcemo-actualizacion-11-12-2025","status":"publish","type":"page","link":"https:\/\/laserenavegasaltas.org\/?page_id=5432","title":{"rendered":"CONVOCATORIA  PROCESO SELECTIVO PERSONAL T\u00c9CNICO PROGRAMA DE COLABORACI\u00d3N ECON\u00d3MICA MUNICIPAL DE ORIENTACI\u00d3N Y PROSPECCI\u00d3N  PARA EL DESARROLLO LOCAL (PCEMO). (ACTUALIZACI\u00d3N 23\/12\/2025)"},"content":{"rendered":"<p><strong>ACTUALIZACI\u00d3N 23\/12\/2025<\/strong><\/p>\n<p>Listados definitivo del personal t\u00e9cnico para realizar las acciones de orientaci\u00f3n y prospecci\u00f3n PCEMO.<\/p>\n<p><a href=\"https:\/\/laserenavegasaltas.org\/\/wp-content\/uploads\/2025\/12\/LISTADOS-DEFINITIVOS-OFERTAS-DE-EMPLEO-PCEMO.pdf\">LISTADOS DEFINITIVOS OFERTAS DE EMPLEO PCEMO<\/a><\/p>\n<p><strong>ACTUALIZACI\u00d3N 19\/12\/2025<\/strong><\/p>\n<p>Listados provisionales del personal t\u00e9cnico para realizar las acciones de orientaci\u00f3n y prospecci\u00f3n PCEMO.<\/p>\n<p><a href=\"https:\/\/laserenavegasaltas.org\/\/wp-content\/uploads\/2025\/12\/LISTADOS-PROVISIONALES-OFERTAS-DE-EMPLEO-PCEMO.pdf\">LISTADOS PROVISIONALES OFERTAS DE EMPLEO PCEMO<\/a><\/p>\n<p><strong>ACTUALIZACI\u00d3N 11\/12\/2025<\/strong><\/p>\n<p>RESOLUCI\u00d3N DE PRESIDENCIA POR LA QUE SE APRUEBAN BASES\u00a0 DE SELECCI\u00d3N DEL PERSONAL T\u00c9CNICO ENCARGADO DE LA REALIZACI\u00d3N DE LAS ACCIONES DE ORIENTACI\u00d3N Y PROSPECCI\u00d3N PARA EL DESARROLLO LOCAL (PCEMO) EN EL TERRITORIO DE LA MANCOMUNIDAD INTEGRAL DE SERVICIOS \u00abLA SERENA-VEGAS ALTAS\u00bb.<\/p>\n<p><a href=\"https:\/\/laserenavegasaltas.org\/\/wp-content\/uploads\/2025\/12\/resolucion-bases-PCEMO-2025-2026.pdf\">BASES\u00a0 PCEMO 2025-2026<\/a><\/p>\n","protected":false},"excerpt":{"rendered":"<p>ACTUALIZACI\u00d3N 23\/12\/2025 Listados definitivo del personal t\u00e9cnico para realizar las acciones de orientaci\u00f3n y prospecci\u00f3n PCEMO. LISTADOS DEFINITIVOS OFERTAS DE EMPLEO PCEMO ACTUALIZACI\u00d3N 19\/12\/2025 Listados provisionales<span class=\"excerpt-hellip\"> [\u2026]<\/span><\/p>\n","protected":false},"author":1,"featured_media":-1,"parent":0,"menu_order":0,"comment_status":"closed","ping_status":"closed","template":"","meta":{"footnotes":""},"class_list":["post-5432","page","type-page","status-publish","has-post-thumbnail","hentry"],"yoast_head":"<!-- This site is optimized with the Yoast SEO plugin v25.5 - https:\/\/yoast.com\/wordpress\/plugins\/seo\/ -->\n<title>CONVOCATORIA PROCESO SELECTIVO PERSONAL T\u00c9CNICO PROGRAMA DE COLABORACI\u00d3N ECON\u00d3MICA MUNICIPAL DE ORIENTACI\u00d3N Y PROSPECCI\u00d3N PARA EL DESARROLLO LOCAL (PCEMO). (ACTUALIZACI\u00d3N 23\/12\/2025) - Mancomunidad Integral de Servicios La Serena-Vegas Altas<\/title>\n<meta name=\"robots\" content=\"index, follow, max-snippet:-1, max-image-preview:large, max-video-preview:-1\" \/>\n<link rel=\"canonical\" href=\"https:\/\/laserenavegasaltas.org\/?page_id=5432\" \/>\n<meta property=\"og:locale\" content=\"es_ES\" \/>\n<meta property=\"og:type\" content=\"article\" \/>\n<meta property=\"og:title\" content=\"CONVOCATORIA PROCESO SELECTIVO PERSONAL T\u00c9CNICO PROGRAMA DE COLABORACI\u00d3N ECON\u00d3MICA MUNICIPAL DE ORIENTACI\u00d3N Y PROSPECCI\u00d3N PARA EL DESARROLLO LOCAL (PCEMO). (ACTUALIZACI\u00d3N 23\/12\/2025) - Mancomunidad Integral de Servicios La Serena-Vegas Altas\" \/>\n<meta property=\"og:description\" content=\"ACTUALIZACI\u00d3N 23\/12\/2025 Listados definitivo del personal t\u00e9cnico para realizar las acciones de orientaci\u00f3n y prospecci\u00f3n PCEMO. LISTADOS DEFINITIVOS OFERTAS DE EMPLEO PCEMO ACTUALIZACI\u00d3N 19\/12\/2025 Listados provisionales [\u2026]\" \/>\n<meta property=\"og:url\" content=\"https:\/\/laserenavegasaltas.org\/?page_id=5432\" \/>\n<meta property=\"og:site_name\" content=\"Mancomunidad Integral de Servicios La Serena-Vegas Altas\" \/>\n<meta property=\"article:modified_time\" content=\"2025-12-23T08:56:58+00:00\" \/>\n<meta name=\"twitter:card\" content=\"summary_large_image\" \/>\n<meta name=\"twitter:label1\" content=\"Tiempo de lectura\" \/>\n\t<meta name=\"twitter:data1\" content=\"1 minuto\" \/>\n<script type=\"application\/ld+json\" class=\"yoast-schema-graph\">{\"@context\":\"https:\/\/schema.org\",\"@graph\":[{\"@type\":\"WebPage\",\"@id\":\"https:\/\/laserenavegasaltas.org\/?page_id=5432\",\"url\":\"https:\/\/laserenavegasaltas.org\/?page_id=5432\",\"name\":\"CONVOCATORIA PROCESO SELECTIVO PERSONAL T\u00c9CNICO PROGRAMA DE COLABORACI\u00d3N ECON\u00d3MICA MUNICIPAL DE ORIENTACI\u00d3N Y PROSPECCI\u00d3N PARA EL DESARROLLO LOCAL (PCEMO). (ACTUALIZACI\u00d3N 23\/12\/2025) - Mancomunidad Integral de Servicios La Serena-Vegas Altas\",\"isPartOf\":{\"@id\":\"https:\/\/laserenavegasaltas.org\/#website\"},\"datePublished\":\"2025-12-11T09:23:41+00:00\",\"dateModified\":\"2025-12-23T08:56:58+00:00\",\"breadcrumb\":{\"@id\":\"https:\/\/laserenavegasaltas.org\/?page_id=5432#breadcrumb\"},\"inLanguage\":\"es\",\"potentialAction\":[{\"@type\":\"ReadAction\",\"target\":[\"https:\/\/laserenavegasaltas.org\/?page_id=5432\"]}]},{\"@type\":\"BreadcrumbList\",\"@id\":\"https:\/\/laserenavegasaltas.org\/?page_id=5432#breadcrumb\",\"itemListElement\":[{\"@type\":\"ListItem\",\"position\":1,\"name\":\"Portada\",\"item\":\"https:\/\/laserenavegasaltas.org\/\"},{\"@type\":\"ListItem\",\"position\":2,\"name\":\"CONVOCATORIA PROCESO SELECTIVO PERSONAL T\u00c9CNICO PROGRAMA DE COLABORACI\u00d3N ECON\u00d3MICA MUNICIPAL DE ORIENTACI\u00d3N Y PROSPECCI\u00d3N PARA EL DESARROLLO LOCAL (PCEMO). (ACTUALIZACI\u00d3N 23\/12\/2025)\"}]},{\"@type\":\"WebSite\",\"@id\":\"https:\/\/laserenavegasaltas.org\/#website\",\"url\":\"https:\/\/laserenavegasaltas.org\/\",\"name\":\"Mancomunidad Integral de Servicios La Serena-Vegas Altas\",\"description\":\"Mancomunidad Integral de Servicios La Serena-Vegas Altas\",\"potentialAction\":[{\"@type\":\"SearchAction\",\"target\":{\"@type\":\"EntryPoint\",\"urlTemplate\":\"https:\/\/laserenavegasaltas.org\/?s={search_term_string}\"},\"query-input\":{\"@type\":\"PropertyValueSpecification\",\"valueRequired\":true,\"valueName\":\"search_term_string\"}}],\"inLanguage\":\"es\"}]}<\/script>\n<!-- \/ Yoast SEO plugin. -->","yoast_head_json":{"title":"CONVOCATORIA PROCESO SELECTIVO PERSONAL T\u00c9CNICO PROGRAMA DE COLABORACI\u00d3N ECON\u00d3MICA MUNICIPAL DE ORIENTACI\u00d3N Y PROSPECCI\u00d3N PARA EL DESARROLLO LOCAL (PCEMO). (ACTUALIZACI\u00d3N 23\/12\/2025) - Mancomunidad Integral de Servicios La Serena-Vegas Altas","robots":{"index":"index","follow":"follow","max-snippet":"max-snippet:-1","max-image-preview":"max-image-preview:large","max-video-preview":"max-video-preview:-1"},"canonical":"https:\/\/laserenavegasaltas.org\/?page_id=5432","og_locale":"es_ES","og_type":"article","og_title":"CONVOCATORIA PROCESO SELECTIVO PERSONAL T\u00c9CNICO PROGRAMA DE COLABORACI\u00d3N ECON\u00d3MICA MUNICIPAL DE ORIENTACI\u00d3N Y PROSPECCI\u00d3N PARA EL DESARROLLO LOCAL (PCEMO). (ACTUALIZACI\u00d3N 23\/12\/2025) - Mancomunidad Integral de Servicios La Serena-Vegas Altas","og_description":"ACTUALIZACI\u00d3N 23\/12\/2025 Listados definitivo del personal t\u00e9cnico para realizar las acciones de orientaci\u00f3n y prospecci\u00f3n PCEMO. LISTADOS DEFINITIVOS OFERTAS DE EMPLEO PCEMO ACTUALIZACI\u00d3N 19\/12\/2025 Listados provisionales [\u2026]","og_url":"https:\/\/laserenavegasaltas.org\/?page_id=5432","og_site_name":"Mancomunidad Integral de Servicios La Serena-Vegas Altas","article_modified_time":"2025-12-23T08:56:58+00:00","twitter_card":"summary_large_image","twitter_misc":{"Tiempo de lectura":"1 minuto"},"schema":{"@context":"https:\/\/schema.org","@graph":[{"@type":"WebPage","@id":"https:\/\/laserenavegasaltas.org\/?page_id=5432","url":"https:\/\/laserenavegasaltas.org\/?page_id=5432","name":"CONVOCATORIA PROCESO SELECTIVO PERSONAL T\u00c9CNICO PROGRAMA DE COLABORACI\u00d3N ECON\u00d3MICA MUNICIPAL DE ORIENTACI\u00d3N Y PROSPECCI\u00d3N PARA EL DESARROLLO LOCAL (PCEMO). (ACTUALIZACI\u00d3N 23\/12\/2025) - Mancomunidad Integral de Servicios La Serena-Vegas Altas","isPartOf":{"@id":"https:\/\/laserenavegasaltas.org\/#website"},"datePublished":"2025-12-11T09:23:41+00:00","dateModified":"2025-12-23T08:56:58+00:00","breadcrumb":{"@id":"https:\/\/laserenavegasaltas.org\/?page_id=5432#breadcrumb"},"inLanguage":"es","potentialAction":[{"@type":"ReadAction","target":["https:\/\/laserenavegasaltas.org\/?page_id=5432"]}]},{"@type":"BreadcrumbList","@id":"https:\/\/laserenavegasaltas.org\/?page_id=5432#breadcrumb","itemListElement":[{"@type":"ListItem","position":1,"name":"Portada","item":"https:\/\/laserenavegasaltas.org\/"},{"@type":"ListItem","position":2,"name":"CONVOCATORIA PROCESO SELECTIVO PERSONAL T\u00c9CNICO PROGRAMA DE COLABORACI\u00d3N ECON\u00d3MICA MUNICIPAL DE ORIENTACI\u00d3N Y PROSPECCI\u00d3N PARA EL DESARROLLO LOCAL (PCEMO). (ACTUALIZACI\u00d3N 23\/12\/2025)"}]},{"@type":"WebSite","@id":"https:\/\/laserenavegasaltas.org\/#website","url":"https:\/\/laserenavegasaltas.org\/","name":"Mancomunidad Integral de Servicios La Serena-Vegas Altas","description":"Mancomunidad Integral de Servicios La Serena-Vegas Altas","potentialAction":[{"@type":"SearchAction","target":{"@type":"EntryPoint","urlTemplate":"https:\/\/laserenavegasaltas.org\/?s={search_term_string}"},"query-input":{"@type":"PropertyValueSpecification","valueRequired":true,"valueName":"search_term_string"}}],"inLanguage":"es"}]}},"_links":{"self":[{"href":"https:\/\/laserenavegasaltas.org\/index.php?rest_route=\/wp\/v2\/pages\/5432","targetHints":{"allow":["GET"]}}],"collection":[{"href":"https:\/\/laserenavegasaltas.org\/index.php?rest_route=\/wp\/v2\/pages"}],"about":[{"href":"https:\/\/laserenavegasaltas.org\/index.php?rest_route=\/wp\/v2\/types\/page"}],"author":[{"embeddable":true,"href":"https:\/\/laserenavegasaltas.org\/index.php?rest_route=\/wp\/v2\/users\/1"}],"replies":[{"embeddable":true,"href":"https:\/\/laserenavegasaltas.org\/index.php?rest_route=%2Fwp%2Fv2%2Fcomments&post=5432"}],"version-history":[{"count":4,"href":"https:\/\/laserenavegasaltas.org\/index.php?rest_route=\/wp\/v2\/pages\/5432\/revisions"}],"predecessor-version":[{"id":5454,"href":"https:\/\/laserenavegasaltas.org\/index.php?rest_route=\/wp\/v2\/pages\/5432\/revisions\/5454"}],"wp:featuredmedia":[{"embeddable":true,"href":"https:\/\/laserenavegasaltas.org\/index.php?rest_route=\/"}],"wp:attachment":[{"href":"https:\/\/laserenavegasaltas.org\/index.php?rest_route=%2Fwp%2Fv2%2Fmedia&parent=5432"}],"curies":[{"name":"wp","href":"https:\/\/api.w.org\/{rel}","templated":true}]}}

CONVOCATORIA  PROCESO SELECTIVO PERSONAL TÉCNICO PROGRAMA DE COLABORACIÓN ECONÓMICA MUNICIPAL DE ORIENTACIÓN Y PROSPECCIÓN  PARA EL DESARROLLO LOCAL (PCEMO). (ACTUALIZACIÓN 23/12/2025)

<p><strong>ACTUALIZACIÓN 23/12/2025</strong></p>
<p>Listados definitivo del personal técnico para realizar las acciones de orientación y prospección PCEMO.</p>
<p><a href="https://laserenavegasaltas.org//wp-content/uploads/2025/12/LISTADOS-DEFINITIVOS-OFERTAS-DE-EMPLEO-PCEMO.pdf">LISTADOS DEFINITIVOS OFERTAS DE EMPLEO PCEMO</a></p>
<p><strong>ACTUALIZACIÓN 19/12/2025</strong></p>
<p>Listados provisionales del personal técnico para realizar las acciones de orientación y prospección PCEMO.</p>
<p><a href="https://laserenavegasaltas.org//wp-content/uploads/2025/12/LISTADOS-PROVISIONALES-OFERTAS-DE-EMPLEO-PCEMO.pdf">LISTADOS PROVISIONALES OFERTAS DE EMPLEO PCEMO</a></p>
<p><strong>ACTUALIZACIÓN 11/12/2025</strong></p>
<p>RESOLUCIÓN DE PRESIDENCIA POR LA QUE SE APRUEBAN BASES  DE SELECCIÓN DEL PERSONAL TÉCNICO ENCARGADO DE LA REALIZACIÓN DE LAS ACCIONES DE ORIENTACIÓN Y PROSPECCIÓN PARA EL DESARROLLO LOCAL (PCEMO) EN EL TERRITORIO DE LA MANCOMUNIDAD INTEGRAL DE SERVICIOS «LA SERENA-VEGAS ALTAS».</p>
<p><a href="https://laserenavegasaltas.org//wp-content/uploads/2025/12/resolucion-bases-PCEMO-2025-2026.pdf">BASES  PCEMO 2025-2026</a></p>

<p>ACTUALIZACIÓN 23/12/2025 Listados definitivo del personal técnico para realizar las acciones de orientación y prospección PCEMO. LISTADOS DEFINITIVOS OFERTAS DE EMPLEO PCEMO ACTUALIZACIÓN 19/12/2025 Listados provisionales<span class="excerpt-hellip"> […]</span></p>

<!-- This site is optimized with the Yoast SEO plugin v25.5 - https://yoast.com/wordpress/plugins/seo/ -->
<title>CONVOCATORIA PROCESO SELECTIVO PERSONAL TÉCNICO PROGRAMA DE COLABORACIÓN ECONÓMICA MUNICIPAL DE ORIENTACIÓN Y PROSPECCIÓN PARA EL DESARROLLO LOCAL (PCEMO). (ACTUALIZACIÓN 23/12/2025) - Mancomunidad Integral de Servicios La Serena-Vegas Altas</title>
<meta name="robots" content="index, follow, max-snippet:-1, max-image-preview:large, max-video-preview:-1" />
<link rel="canonical" href="https://laserenavegasaltas.org/?page_id=5432" />
<meta property="og:locale" content="es_ES" />
<meta property="og:type" content="article" />
<meta property="og:title" content="CONVOCATORIA PROCESO SELECTIVO PERSONAL TÉCNICO PROGRAMA DE COLABORACIÓN ECONÓMICA MUNICIPAL DE ORIENTACIÓN Y PROSPECCIÓN PARA EL DESARROLLO LOCAL (PCEMO). (ACTUALIZACIÓN 23/12/2025) - Mancomunidad Integral de Servicios La Serena-Vegas Altas" />
<meta property="og:description" content="ACTUALIZACIÓN 23/12/2025 Listados definitivo del personal técnico para realizar las acciones de orientación y prospección PCEMO. LISTADOS DEFINITIVOS OFERTAS DE EMPLEO PCEMO ACTUALIZACIÓN 19/12/2025 Listados provisionales […]" />
<meta property="og:url" content="https://laserenavegasaltas.org/?page_id=5432" />
<meta property="og:site_name" content="Mancomunidad Integral de Servicios La Serena-Vegas Altas" />
<meta property="article:modified_time" content="2025-12-23T08:56:58+00:00" />
<meta name="twitter:card" content="summary_large_image" />
<meta name="twitter:label1" content="Tiempo de lectura" />
	<meta name="twitter:data1" content="1 minuto" />
<script type="application/ld+json" class="yoast-schema-graph">{"@context":"https://schema.org","@graph":[{"@type":"WebPage","@id":"https://laserenavegasaltas.org/?page_id=5432","url":"https://laserenavegasaltas.org/?page_id=5432","name":"CONVOCATORIA PROCESO SELECTIVO PERSONAL TÉCNICO PROGRAMA DE COLABORACIÓN ECONÓMICA MUNICIPAL DE ORIENTACIÓN Y PROSPECCIÓN PARA EL DESARROLLO LOCAL (PCEMO). (ACTUALIZACIÓN 23/12/2025) - Mancomunidad Integral de Servicios La Serena-Vegas Altas","isPartOf":{"@id":"https://laserenavegasaltas.org/#website"},"datePublished":"2025-12-11T09:23:41+00:00","dateModified":"2025-12-23T08:56:58+00:00","breadcrumb":{"@id":"https://laserenavegasaltas.org/?page_id=5432#breadcrumb"},"inLanguage":"es","potentialAction":[{"@type":"ReadAction","target":["https://laserenavegasaltas.org/?page_id=5432"]}]},{"@type":"BreadcrumbList","@id":"https://laserenavegasaltas.org/?page_id=5432#breadcrumb","itemListElement":[{"@type":"ListItem","position":1,"name":"Portada","item":"https://laserenavegasaltas.org/"},{"@type":"ListItem","position":2,"name":"CONVOCATORIA PROCESO SELECTIVO PERSONAL TÉCNICO PROGRAMA DE COLABORACIÓN ECONÓMICA MUNICIPAL DE ORIENTACIÓN Y PROSPECCIÓN PARA EL DESARROLLO LOCAL (PCEMO). (ACTUALIZACIÓN 23/12/2025)"}]},{"@type":"WebSite","@id":"https://laserenavegasaltas.org/#website","url":"https://laserenavegasaltas.org/","name":"Mancomunidad Integral de Servicios La Serena-Vegas Altas","description":"Mancomunidad Integral de Servicios La Serena-Vegas Altas","potentialAction":[{"@type":"SearchAction","target":{"@type":"EntryPoint","urlTemplate":"https://laserenavegasaltas.org/?s={search_term_string}"},"query-input":{"@type":"PropertyValueSpecification","valueRequired":true,"valueName":"search_term_string"}}],"inLanguage":"es"}]}</script>
<!-- / Yoast SEO plugin. -->

CONVOCATORIA PROCESO SELECTIVO PERSONAL TÉCNICO PROGRAMA DE COLABORACIÓN ECONÓMICA MUNICIPAL DE ORIENTACIÓN Y PROSPECCIÓN PARA EL DESARROLLO LOCAL (PCEMO). (ACTUALIZACIÓN 23/12/2025) - Mancomunidad Integral de Servicios La Serena-Vegas Altas

ACTUALIZACIÓN 23/12/2025 Listados definitivo del personal técnico para realizar las acciones de orientación y prospección PCEMO. LISTADOS DEFINITIVOS OFERTAS DE EMPLEO PCEMO ACTUALIZACIÓN 19/12/2025 Listados provisionales […]

CONVOCATORIA PROCESO SELECTIVO PERSONAL TÉCNICO PROGRAMA DE COLABORACIÓN ECONÓMICA MUNICIPAL DE ORIENTACIÓN Y PROSPECCIÓN PARA EL DESARROLLO LOCAL (PCEMO). (ACTUALIZACIÓN 23/12/2025)
